[INFO] fetching crate phoronix-reader 0.2.3...
[INFO] checking phoronix-reader-0.2.3 against master#cfbc6d4cf1acbac5c025acf8ed68929caa551df3 for pr-75494-beta
[INFO] extracting crate phoronix-reader 0.2.3 into /workspace/builds/worker-11/source
[INFO] validating manifest of crates.io crate phoronix-reader 0.2.3 on toolchain cfbc6d4cf1acbac5c025acf8ed68929caa551df3
[INFO] running `Command { std: "/workspace/cargo-home/bin/cargo" "+cfbc6d4cf1acbac5c025acf8ed68929caa551df3" "read-manifest" "--manifest-path" "Cargo.toml", kill_on_drop: false }`
[INFO] started tweaking crates.io crate phoronix-reader 0.2.3
[INFO] finished tweaking crates.io crate phoronix-reader 0.2.3
[INFO] tweaked toml for crates.io crate phoronix-reader 0.2.3 written to /workspace/builds/worker-11/source/Cargo.toml
[INFO] running `Command { std: "/workspace/cargo-home/bin/cargo" "+cfbc6d4cf1acbac5c025acf8ed68929caa551df3" "generate-lockfile" "--manifest-path" "Cargo.toml" "-Zno-index-update", kill_on_drop: false }`
[INFO] running `Command { std: "/workspace/cargo-home/bin/cargo" "+cfbc6d4cf1acbac5c025acf8ed68929caa551df3" "fetch" "--locked" "--manifest-path" "Cargo.toml", kill_on_drop: false }`
[INFO] [stderr]  Downloading crates ...
[INFO] [stderr]   Downloaded gdk v0.3.0
[INFO] [stderr]   Downloaded pango v0.0.7
[INFO] [stderr]   Downloaded cairo-rs v0.0.8
[INFO] [stderr]   Downloaded gdk-pixbuf v0.0.1
[INFO] [stderr]   Downloaded glib v0.0.8
[INFO] [stderr]   Downloaded gtk v0.0.7
[INFO] running `Command { std: "docker" "create" "-v" "/var/lib/crater-agent-workspace/builds/worker-11/target:/opt/rustwide/target:rw,Z" "-v" "/var/lib/crater-agent-workspace/builds/worker-11/source:/opt/rustwide/workdir:ro,Z" "-v" "/var/lib/crater-agent-workspace/cargo-home:/opt/rustwide/cargo-home:ro,Z" "-v" "/var/lib/crater-agent-workspace/rustup-home:/opt/rustwide/rustup-home:ro,Z" "-e" "SOURCE_DIR=/opt/rustwide/workdir" "-e" "CARGO_TARGET_DIR=/opt/rustwide/target" "-e" "CARGO_HOME=/opt/rustwide/cargo-home" "-e" "RUSTUP_HOME=/opt/rustwide/rustup-home" "-w" "/opt/rustwide/workdir" "-m" "1610612736" "--user" "0:0" "--network" "none" "rustops/crates-build-env@sha256:a636fd89d022f18117e1dc8fb37a0a009933cdbbe082814857f0e2024962d47c" "/opt/rustwide/cargo-home/bin/cargo" "+cfbc6d4cf1acbac5c025acf8ed68929caa551df3" "metadata" "--no-deps" "--format-version=1", kill_on_drop: false }`
[INFO] [stdout] 57d63fc11497fce3461537e3261af7afe6fea9e57cb64bfac09ee678e1718c27
[INFO] [stderr] WARNING: Your kernel does not support swap limit capabilities or the cgroup is not mounted. Memory limited without swap.
[INFO] running `Command { std: "docker" "start" "-a" "57d63fc11497fce3461537e3261af7afe6fea9e57cb64bfac09ee678e1718c27", kill_on_drop: false }`
[INFO] running `Command { std: "docker" "inspect" "57d63fc11497fce3461537e3261af7afe6fea9e57cb64bfac09ee678e1718c27", kill_on_drop: false }`
[INFO] running `Command { std: "docker" "rm" "-f" "57d63fc11497fce3461537e3261af7afe6fea9e57cb64bfac09ee678e1718c27", kill_on_drop: false }`
[INFO] [stdout] 57d63fc11497fce3461537e3261af7afe6fea9e57cb64bfac09ee678e1718c27
[INFO] running `Command { std: "docker" "create" "-v" "/var/lib/crater-agent-workspace/builds/worker-11/target:/opt/rustwide/target:rw,Z" "-v" "/var/lib/crater-agent-workspace/builds/worker-11/source:/opt/rustwide/workdir:ro,Z" "-v" "/var/lib/crater-agent-workspace/cargo-home:/opt/rustwide/cargo-home:ro,Z" "-v" "/var/lib/crater-agent-workspace/rustup-home:/opt/rustwide/rustup-home:ro,Z" "-e" "SOURCE_DIR=/opt/rustwide/workdir" "-e" "CARGO_TARGET_DIR=/opt/rustwide/target" "-e" "CARGO_INCREMENTAL=0" "-e" "RUST_BACKTRACE=full" "-e" "RUSTFLAGS=--cap-lints=forbid" "-e" "CARGO_HOME=/opt/rustwide/cargo-home" "-e" "RUSTUP_HOME=/opt/rustwide/rustup-home" "-w" "/opt/rustwide/workdir" "-m" "1610612736" "--user" "0:0" "--network" "none" "rustops/crates-build-env@sha256:a636fd89d022f18117e1dc8fb37a0a009933cdbbe082814857f0e2024962d47c" "/opt/rustwide/cargo-home/bin/cargo" "+cfbc6d4cf1acbac5c025acf8ed68929caa551df3" "check" "--frozen" "--all" "--all-targets" "--message-format=json", kill_on_drop: false }`
[INFO] [stdout] 658da22431e8e0ce2d9be349b5f65fb9313d2522d2b73ea336548006532495b1
[INFO] [stderr] WARNING: Your kernel does not support swap limit capabilities or the cgroup is not mounted. Memory limited without swap.
[INFO] running `Command { std: "docker" "start" "-a" "658da22431e8e0ce2d9be349b5f65fb9313d2522d2b73ea336548006532495b1", kill_on_drop: false }`
[INFO] [stderr]    Compiling libc v0.2.76
[INFO] [stderr]    Compiling syn v1.0.39
[INFO] [stderr]    Compiling cfg-if v0.1.10
[INFO] [stderr]     Checking lazy_static v1.4.0
[INFO] [stderr]    Compiling ppv-lite86 v0.2.9
[INFO] [stderr]    Compiling serde v1.0.115
[INFO] [stderr]    Compiling memchr v2.3.3
[INFO] [stderr]     Checking futures-core v0.3.5
[INFO] [stderr]     Checking slab v0.4.2
[INFO] [stderr]     Checking futures-task v0.3.5
[INFO] [stderr]     Checking pin-utils v0.1.0
[INFO] [stderr]    Compiling httparse v1.3.4
[INFO] [stderr]     Checking futures-sink v0.3.5
[INFO] [stderr]     Checking tower-service v0.3.0
[INFO] [stderr]     Checking http v0.2.1
[INFO] [stderr]    Compiling ryu v1.0.5
[INFO] [stderr]     Checking log v0.4.11
[INFO] [stderr]     Checking phf v0.8.0
[INFO] [stderr]     Checking tendril v0.4.1
[INFO] [stderr]     Checking tracing-core v0.1.14
[INFO] [stderr]     Checking futures-channel v0.3.5
[INFO] [stderr]     Checking want v0.3.0
[INFO] [stderr]     Checking tracing v0.1.19
[INFO] [stderr]    Compiling getrandom v0.1.14
[INFO] [stderr]     Checking net2 v0.2.34
[INFO] [stderr]     Checking iovec v0.1.4
[INFO] [stderr]     Checking time v0.1.43
[INFO] [stderr]     Checking socket2 v0.3.12
[INFO] [stderr]    Compiling rand_core v0.5.1
[INFO] [stderr]     Checking mio v0.6.22
[INFO] [stderr]    Compiling rand_pcg v0.2.1
[INFO] [stderr]    Compiling rand_chacha v0.2.2
[INFO] [stderr]    Compiling rand v0.7.3
[INFO] [stderr]     Checking http-body v0.3.1
[INFO] [stderr]     Checking tokio v0.2.22
[INFO] [stderr]    Compiling phf_generator v0.8.0
[INFO] [stderr]    Compiling phf_codegen v0.8.0
[INFO] [stderr]    Compiling string_cache_codegen v0.5.1
[INFO] [stderr]     Checking tokio-util v0.3.1
[INFO] [stderr]     Checking string_cache v0.8.0
[INFO] [stderr]    Compiling serde_json v1.0.57
[INFO] [stderr]    Compiling serde_derive v1.0.115
[INFO] [stderr]    Compiling html5ever v0.25.1
[INFO] [stderr]    Compiling pin-project-internal v0.4.23
[INFO] [stderr]     Checking pin-project v0.4.23
[INFO] [stderr]     Checking futures-util v0.3.5
[INFO] [stderr]     Checking h2 v0.2.6
[INFO] [stderr]    Compiling markup5ever v0.10.0
[INFO] [stderr]     Checking xml5ever v0.16.1
[INFO] [stderr]     Checking hyper v0.13.7
[INFO] [stderr]     Checking markup5ever_rcdom v0.1.0
[INFO] [stderr]     Checking select v0.5.0
[INFO] [stderr]     Checking phoronix-reader v0.2.3 (/opt/rustwide/workdir)
[INFO] [stdout] error[E0432]: unresolved import `hyper::header::Connection`
[INFO] [stdout]  --> src/phoronix/homepage.rs:2:5
[INFO] [stdout]   |
[INFO] [stdout] 2 | use hyper::header::Connection;
[INFO] [stdout]   |     ^^^^^^^^^^^^^^^^^^^^^^^^^ no `Connection` in `header`
[INFO] [stdout] 
[INFO] [stdout] 
[INFO] [stdout] error[E0432]: unresolved import `hyper::header::Connection`
[INFO] [stdout]  --> src/phoronix/homepage.rs:2:5
[INFO] [stdout]   |
[INFO] [stdout] 2 | use hyper::header::Connection;
[INFO] [stdout]   |     ^^^^^^^^^^^^^^^^^^^^^^^^^ no `Connection` in `header`
[INFO] [stdout] 
[INFO] [stdout] 
[INFO] [stdout] error[E0599]: no method named `iter` found for struct `select::document::Find<'_, select::predicate::Name<&str>>` in the current scope
[INFO] [stdout]   --> src/phoronix/article.rs:17:52
[INFO] [stdout]    |
[INFO] [stdout] 17 |         Document::from(html).find(Name("article")).iter()
[INFO] [stdout]    |                                                    ^^^^ method not found in `select::document::Find<'_, select::predicate::Name<&str>>`
[INFO] [stdout] 
[INFO] [stdout] 
[INFO] [stdout] error[E0599]: no method named `first` found for struct `select::node::Find<'_, select::predicate::Name<&str>>` in the current scope
[INFO] [stdout]   --> src/phoronix/article.rs:24:43
[INFO] [stdout]    |
[INFO] [stdout] 24 |         let header = node.find(Name("a")).first().unwrap();
[INFO] [stdout]    |                                           ^^^^^ method not found in `select::node::Find<'_, select::predicate::Name<&str>>`
[INFO] [stdout] 
[INFO] [stdout] 
[INFO] [stdout] error[E0599]: no method named `first` found for struct `select::node::Find<'_, select::predicate::Class<&str>>` in the current scope
[INFO] [stdout]   --> src/phoronix/article.rs:27:55
[INFO] [stdout]    |
[INFO] [stdout] 27 |         let mut details = node.find(Class("details")).first().unwrap().text();
[INFO] [stdout]    |                                                       ^^^^^ method not found in `select::node::Find<'_, select::predicate::Class<&str>>`
[INFO] [stdout] 
[INFO] [stdout] 
[INFO] [stdout] error[E0599]: no method named `first` found for struct `select::node::Find<'_, select::predicate::Name<&str>>` in the current scope
[INFO] [stdout]   --> src/phoronix/article.rs:29:44
[INFO] [stdout]    |
[INFO] [stdout] 29 |         let summary = node.find(Name("p")).first().unwrap().text();
[INFO] [stdout]    |                                            ^^^^^ method not found in `select::node::Find<'_, select::predicate::Name<&str>>`
[INFO] [stdout] 
[INFO] [stdout] 
[INFO] [stdout] error[E0308]: mismatched types
[INFO] [stdout]  --> src/phoronix/homepage.rs:8:42
[INFO] [stdout]   |
[INFO] [stdout] 8 |     let mut response = Client::new().get("https://www.phoronix.com/").
[INFO] [stdout]   |                                          ^^^^^^^^^^^^^^^^^^^^^^^^^^^ expected struct `hyper::Uri`, found `&str`
[INFO] [stdout] 
[INFO] [stdout] 
[INFO] [stdout] error[E0599]: no method named `header` found for struct `hyper::client::ResponseFuture` in the current scope
[INFO] [stdout]  --> src/phoronix/homepage.rs:9:9
[INFO] [stdout]   |
[INFO] [stdout] 9 |         header(Connection::close()).send().unwrap();
[INFO] [stdout]   |         ^^^^^^ method not found in `hyper::client::ResponseFuture`
[INFO] [stdout] 
[INFO] [stdout] 
[INFO] [stdout] error[E0599]: no method named `iter` found for struct `select::document::Find<'_, select::predicate::Name<&str>>` in the current scope
[INFO] [stdout]   --> src/phoronix/article.rs:17:52
[INFO] [stdout]    |
[INFO] [stdout] 17 |         Document::from(html).find(Name("article")).iter()
[INFO] [stdout]    |                                                    ^^^^ method not found in `select::document::Find<'_, select::predicate::Name<&str>>`
[INFO] [stdout] 
[INFO] [stdout] 
[INFO] [stdout] warning: unused import: `std::io::Read`
[INFO] [stdout]  --> src/phoronix/homepage.rs:3:5
[INFO] [stdout]   |
[INFO] [stdout] 3 | use std::io::Read;
[INFO] [stdout]   |     ^^^^^^^^^^^^^
[INFO] [stdout]   |
[INFO] [stdout]   = note: `#[warn(unused_imports)]` on by default
[INFO] [stdout] 
[INFO] [stdout] 
[INFO] [stdout] error: aborting due to 7 previous errors; 1 warning emitted
[INFO] [stdout] 
[INFO] [stdout] 
[INFO] [stdout] Some errors have detailed explanations: E0308, E0432, E0599.
[INFO] [stdout] 
[INFO] [stdout] For more information about an error, try `rustc --explain E0308`.
[INFO] [stdout] 
[INFO] [stdout] error[E0599]: no method named `first` found for struct `select::node::Find<'_, select::predicate::Name<&str>>` in the current scope
[INFO] [stdout]   --> src/phoronix/article.rs:24:43
[INFO] [stdout]    |
[INFO] [stdout] 24 |         let header = node.find(Name("a")).first().unwrap();
[INFO] [stdout]    |                                           ^^^^^ method not found in `select::node::Find<'_, select::predicate::Name<&str>>`
[INFO] [stdout] 
[INFO] [stdout] 
[INFO] [stderr] error: could not compile `phoronix-reader`.
[INFO] [stderr] 
[INFO] [stderr] To learn more, run the command again with --verbose.
[INFO] [stderr] warning: build failed, waiting for other jobs to finish...
[INFO] [stdout] error[E0599]: no method named `first` found for struct `select::node::Find<'_, select::predicate::Class<&str>>` in the current scope
[INFO] [stdout]   --> src/phoronix/article.rs:27:55
[INFO] [stdout]    |
[INFO] [stdout] 27 |         let mut details = node.find(Class("details")).first().unwrap().text();
[INFO] [stdout]    |                                                       ^^^^^ method not found in `select::node::Find<'_, select::predicate::Class<&str>>`
[INFO] [stdout] 
[INFO] [stdout] 
[INFO] [stdout] error[E0599]: no method named `first` found for struct `select::node::Find<'_, select::predicate::Name<&str>>` in the current scope
[INFO] [stdout]   --> src/phoronix/article.rs:29:44
[INFO] [stdout]    |
[INFO] [stdout] 29 |         let summary = node.find(Name("p")).first().unwrap().text();
[INFO] [stdout]    |                                            ^^^^^ method not found in `select::node::Find<'_, select::predicate::Name<&str>>`
[INFO] [stdout] 
[INFO] [stdout] 
[INFO] [stdout] error[E0308]: mismatched types
[INFO] [stdout]  --> src/phoronix/homepage.rs:8:42
[INFO] [stdout]   |
[INFO] [stdout] 8 |     let mut response = Client::new().get("https://www.phoronix.com/").
[INFO] [stdout]   |                                          ^^^^^^^^^^^^^^^^^^^^^^^^^^^ expected struct `hyper::Uri`, found `&str`
[INFO] [stdout] 
[INFO] [stdout] 
[INFO] [stdout] error[E0599]: no method named `header` found for struct `hyper::client::ResponseFuture` in the current scope
[INFO] [stdout]  --> src/phoronix/homepage.rs:9:9
[INFO] [stdout]   |
[INFO] [stdout] 9 |         header(Connection::close()).send().unwrap();
[INFO] [stdout]   |         ^^^^^^ method not found in `hyper::client::ResponseFuture`
[INFO] [stdout] 
[INFO] [stdout] 
[INFO] [stdout] warning: unused import: `std::io::Read`
[INFO] [stdout]  --> src/phoronix/homepage.rs:3:5
[INFO] [stdout]   |
[INFO] [stdout] 3 | use std::io::Read;
[INFO] [stdout]   |     ^^^^^^^^^^^^^
[INFO] [stdout]   |
[INFO] [stdout]   = note: `#[warn(unused_imports)]` on by default
[INFO] [stdout] 
[INFO] [stdout] 
[INFO] [stdout] error: aborting due to 7 previous errors; 1 warning emitted
[INFO] [stdout] 
[INFO] [stdout] 
[INFO] [stdout] Some errors have detailed explanations: E0308, E0432, E0599.
[INFO] [stdout] 
[INFO] [stdout] For more information about an error, try `rustc --explain E0308`.
[INFO] [stdout] 
[INFO] [stderr] error: build failed
[INFO] running `Command { std: "docker" "inspect" "658da22431e8e0ce2d9be349b5f65fb9313d2522d2b73ea336548006532495b1", kill_on_drop: false }`
[INFO] running `Command { std: "docker" "rm" "-f" "658da22431e8e0ce2d9be349b5f65fb9313d2522d2b73ea336548006532495b1", kill_on_drop: false }`
[INFO] [stdout] 658da22431e8e0ce2d9be349b5f65fb9313d2522d2b73ea336548006532495b1
